sor of 33 and i?
11
Let a(y) = 0 - 48*y - 170*y + 3. Let o be a(-4). Suppose 4*j - 538 = j - 2*x, -5*j + o = -x. What is the highest common factor of j and 16?
16
Let l = -1960 - -2511. What is the highest common divisor of l and 513?
19
Suppose 6*r + 4*a - 1063 = r, -r + 2*a + 207 = 0. Suppose -b + 149 = -r. Calculate the greatest common factor of 40 and b.
40
Let n = -172 - -177. Let u be 72*(6 - n)*(-1)/(-1). What is the greatest common divisor of 84 and u?
12
Suppose 94*m - 77*m - 11440 = -3688. Calculate the greatest common divisor of 2337 and m.
57
Suppose f - 6 = -q, 2*q + f - 7 = 3. Let b be (2 - -42)*(-2 + q - 1). Calculate the highest common factor of 88 and b.
44
Let l = -82 + 76. Let z be (-230)/l + (-4)/(-6). Calculate the greatest common divisor of 3 and z.
3
Let c(i) = 256*i**2 - 12*i + 13. Let p be c(1). Let s = -142 + p. What is the highest common factor of s and 5?
5
Let t be ((-12)/10)/(5/((-75)/6)). Let o(y) = -y - 13*y**3 + 1 + 8*y**t + 3*y**3 - 6*y**2 + 7. Let d be o(-4). Calculate the greatest common factor of d and 66.
22
Let k be 23/1*2/2. Suppose 2*q + i + 1092 = 0, 2*q - 2*i = -3*q - 2739. Let g = q + 639. What is the highest common divisor of g and k?
23
Let d = 7972 - 7968. Suppose 3*m - 3*i - 117 = m, -3*m - 4*i = -184. Calculate the greatest common divisor of d and m.
4
Let t(n) = n**3 - 2*n**2 + 3*n - 8. Let z be t(-5). Let r = z - -225. Calculate the greatest common factor of r and 297.
27
Let u be (132/(-1430))/(21/(-35)) + (-26310)/(-13). Calculate the highest common factor of u and 352.
88
Let t be (-14)/(-2) + (21 + -12 + -11)/1. Let s = 64 + -44. Calculate the greatest common divisor of s and t.
5
Let d = 2976 + -2958. What is the greatest common factor of d and 1503?
9
Let b be (2/(15/(-12)*-4))/((-5)/(-171450)). Calculate the greatest common factor of 108 and b.
108
Let l = 105 + -105. Suppose l = -132*w + 131*w + 2. Let a be (w - 309)/(-1) + (6 - 7). Calculate the highest common factor of 34 and a.
34
Let j be (-25298)/65 + 1/5. Let l = -172 - j. Suppose 5*o - 234 = 3*t, 4*o - l + 27 = t. Calculate the greatest common factor of 6 and o.
6
Let u(b) = 12*b - 10. Suppose -17*x = -18*x + 31. Let y = -28 + x. Let t be u(y). Calculate the greatest common divisor of t and 13.
13
Let v = -660 + 665. Suppose 3*l - v*g - 110 = 0, 4*l - g + 26 = 5*l. Suppose 6 + 6 = 2*z. What is the highest common factor of l and z?
6
Let b be (1 + -2)/(15/5400*-1). Let c(f) = 5*f**2 + 3. Let j be c(-4). Let z = -43 + j. Calculate the highest common divisor of b and z.
40
Let m(g) = 10*g**2 - 2*g - 1. Let n be m(-1). Let y = 101173 - 101074. Calculate the greatest common divisor of y and n.
11
Suppose -3*m + 144 = 4*g, 110*m + 88 = 112*m + 4*g. Let r be (-12)/(-2) + -1 - -2. What is the highest common factor of m and r?
7
Let j be (-77378)/(-35) + 198/(-110). Calculate the highest common divisor of 376 and j.
47
Let a(c) = 22*c - 220. Let h be 81/7 + (-44)/(-231)*-3. Let p be a(h). What is the greatest common divisor of 121 and p?
11
Suppose 2*v + 5*v = 0. Suppose v = -49*j + 53*j - 216. Suppose 0*c - c + 2*u = -j, -c + 54 = 3*u. What is the highest common factor of c and 6?
6
Suppose -2466 + 3145 = 5*g - 5401. Calculate the highest common divisor of g and 320.
64
Suppose -3*q - 5*v + 9*v = -17029, 4*v = q - 5671. Calculate the highest common factor of q and 27.
9
Let b(a) = -2*a**3 - 10*a**2 - 11*a + 13. Let s be b(-7). Let p = s - 271. What is the highest common divisor of p and 255?
15
Let q(x) = -x - 72 + x + 8*x. Let w be 74 + -57 + -3 + 2 + 0. Let u be q(w). Calculate the greatest common divisor of u and 28.
28
Suppose 26 = 4*a - 6. Suppose 5*k - a = k + 2*f, 8 = 4*k + f. Suppose 3*j - z = 211, k*z = -5*j + 7*z + 335. Calculate the highest common factor of j and 48.
24
Suppose v + 218 = -s + 1007, -5*s = -3*v - 3953. What is the greatest common divisor of s and 190?
10
Let d(j) = j**2 + 168*j + 4059. Let p be d(-29). Let a be (-6)/27 - 13862/(-9). Suppose 2*t - a = -3*t. What is the highest common factor of t and p?
28
Suppose -5*g = -z - 100, 0 = -2*g - 5*z + 3*z + 52. Suppose 2821 = -g*c + 28*c. What is the highest common divisor of c and 13?
13
Let q be (-28)/(-6)*720/56. Let m(z) = -z**2 - 144*z - 323. Let h be m(-141). What is the greatest common factor of h and q?
20
Let r(u) = 5*u**2 - 131*u + 57. Let o be r(42). Let d be 1/(-4) + o/60. What is the highest common factor of d and 70?
14
Suppose -17*r + 16 = -25*r. Let l be ((-48 - 5) + r)*-1. Calculate the greatest common factor of l and 22.
11
Let o be 423/3 - (7 - 6)*(4 + 0). Calculate the greatest common divisor of 6987 and o.
137
Let m be (-864)/(-56) - 11 - (-6)/(-14). Suppose -5*r = -8*r + w + 69, 2*w - 102 = -m*r. What is the greatest common factor of 240 and r?
24
Suppose -2*h + 67 = -583. Let m(i) = 2*i**2 - 8*i - 11. Let s be m(-2). What is the highest common divisor of h and s?
13
Let r be (-2)/(0 + 4/(-26)). Let g be -2 - (-10 + 18 + (-76 - -1)). Calculate the highest common factor of g and r.
13
Suppose -i - 3*n + 3676 = 0, -i - 4*n = 2*i - 11048. Calculate the greatest common divisor of i and 8.
8
Let v(w) = -2*w - 5. Let f be v(-5). Let b be (0 + f)/((-2)/(10 - 6)). Let x be (-18)/b*105/9. Calculate the greatest common factor of 14 and x.
7
Let s(a) = a**3 - a**2 + 2*a - 2. Suppose -3*g + 86 = -v, 0*g + 2*g = 4*v + 294. Let j = v + 73. Let r be s(j). What is the highest common divisor of r and 15?
3
Let x be (33/12)/((-4)/(-144)). Suppose -4*s - 44 = -4*w, 0 = 5*w - 4*s + 13 - 68. Calculate the greatest common factor of w and x.
11
Let c(x) = x**3 - 4*x**2 + 2*x. Let n be c(4). Suppose -n - 22 = 3*f. Let t be 856/13 + f/(-65). What is the greatest common divisor of t and 6?
6
Suppose a = -4, -4766 = -3*o - 5*a + 10*a. Calculate the highest common divisor of o and 56.
14
Let c be (-29280)/10*(-24)/18 - 10. What is the highest common divisor of c and 3717?
177
Suppose l + 3319 = 4*p, 686*p - 687*p = -4*l - 826. Calculate the highest common divisor of 8 and p.
2
Suppose -175*k = -179*k + 8748. Calculate the highest common factor of 72 and k.
9
Let f be 3/(-6) + 67/2. Suppose -644*z + 148*z = 133*z - 13838. What is the highest common divisor of f and z?
11
Suppose 1581 + 3594 = 15*j. Let m(h) = h - 4. Let g be m(7). Suppose -g*u - 93 = -j. What is the greatest common divisor of 28 and u?
28
Let p(v) = 202*v + 1025. Let i be p(-5). Calculate the highest common factor of 24 and i.
3
Let p be 5/(-6)*(31 + -37) - -640. Suppose -11*v + p = 568. Suppose b + 145 = 4*d, 5*b - b + 160 = 4*d. Calculate the greatest common factor of d and v.
7
Suppose n + p - 162 - 63 = 0, 5*n = -3*p + 1117. Let x be (-10)/(-150)*-51*5*-1. Calculate the highest common divisor of n and x.
17
Suppose 0 = s - 4*p - 116 + 10, -2 = p. Suppose -3*w + 8*w = 0. Suppose t - 170 + s = w. What is the highest common divisor of 16 and t?
8
Suppose -122 = 2*x + 72. Let f = 99 + x. Suppose 17 = 5*j - w, 4*j - 2*w = 2*j + f. Calculate the greatest common factor of 8 and j.
4
Let a = -92 - -92. Suppose z + 4*t + 12 = 0, 4*z + 3*t - 6*t - 28 = a. What is the highest common divisor of 38 and z?
2
Let w(c) = 17*c + 1. Let l(d) = 2*d. Let k(s) = -4*l(s) + 2*w(s). Let y be k(2). Calculate the highest common divisor of 126 and y.
18
Let p be -10*(-10)/150*6/(-4). Let y(a) = 21*a**2 + 14*a + 13. Let m be y(p). Calculate the greatest common divisor of m and 1.
1
Let w(f) = 373*f - 1829. Let x be w(5). Suppose 3*h = 4*g - 57, -5*g + 3*h + 66 = h. Calculate the greatest common factor of x and g.
12
Suppose -5*g + 90 = 2*n, -g - 121 + 157 = 4*n. Let x = -75 + 79. Calculate the highest common factor of x and g.
4
Suppose 28*o = 21*o + 42. Let g be 6/(2/o*3/26). What is the highest common factor of g and 52?
52
Suppose -4*g - 13*g + 663 = 0. Suppose -87 = -2*o + g. What is the greatest common factor of 27 and o?
9
Suppose 211*a - 64*a = 262395. Calculate the greatest common divisor of 105 and a.
105
Let d(w) = 1241*w + 3663. Let b be d(7). Calculate the highest common factor of 247 and b.
247
Suppose -33*s + 161 = -10*s. Suppose q - 124 = 4*t, 5*q - s*t = -9*t + 554. Calculate the greatest common divisor of 14 and q.
14
Let b = -223 + 152. Let u(h) = 2*h**2 - 12*h + 3. Let s be u(-4). Let d = s + b. Calculate 